the prime factors of 2251924011?
3, 3089059
List the prime factors of 40000875.
3, 5, 106669
List the prime factors of 2744435404.
2, 433, 1584547
List the prime factors of 138081631.
89, 1551479
List the prime factors of 45729415.
5, 9145883
List the prime factors of 203515154.
2, 61, 499, 3343
What are the prime factors of 4878930832?
2, 97, 3143641
List the prime factors of 109583235.
3, 5, 2435183
What are the prime factors of 41846433?
3, 13948811
List the prime factors of 366868440.
2, 3, 5, 199, 569
What are the prime factors of 208403468?
2, 7, 13, 89, 919
List the prime factors of 136252616.
2, 109, 156253
What are the prime factors of 54817785?
3, 5, 11, 59, 1877
List the prime factors of 341836621.
7, 101, 483503
List the prime factors of 110165912.
2, 397, 34687
What are the prime factors of 21683446?
2, 19, 31, 79, 233
What are the prime factors of 130214524?
2, 11, 19, 29, 41, 131
What are the prime factors of 826836754?
2, 413418377
List the prime factors of 35456759.
13, 41, 66523
List the prime factors of 20582250.
2, 3, 5, 13, 2111
What are the prime factors of 1327920498?
2, 3, 29, 87721
What are the prime factors of 258778546?
2, 13, 383, 1999
List the prime factors of 1498264900.
2, 5, 11, 1362059
What are the prime factors of 55309435?
5, 11061887
What are the prime factors of 9975591?
3, 193, 5743
List the prime factors of 223873976.
2, 37, 756331
List the prime factors of 1199741096.
2, 83, 1806839
List the prime factors of 109128867.
3, 36376289
List the prime factors of 667662719.
853, 782723
List the prime factors of 19792864.
2, 7, 13, 971
What are the prime factors of 151807164?
2, 3, 127, 99611
What are the prime factors of 400860523?
7, 1423, 5749
What are the prime factors of 85784629?
7, 12254947
List the prime factors of 9853666.
2, 19, 349, 743
What are the prime factors of 182451099?
3, 1553, 39161
List the prime factors of 518841432.
2, 3, 7206131
What are the prime factors of 88715575?
5, 13, 272971
What are the prime factors of 335849106?
2, 3, 757, 73943
List the prime factors of 5945632851.
3, 61, 32489797
What are the prime factors of 3476119999?
11, 17, 18588877
What are the prime factors of 71114034?
2, 3, 11852339
List the prime factors of 430743216.
2, 3, 73, 122929
What are the prime factors of 69213661?
11, 347, 18133
List the prime factors of 42974441.
42974441
What are the prime factors of 176964336?
2, 3, 1228919
List the prime factors of 369331299.
3, 37, 173, 2137
List the prime factors of 563011763.
17, 3547, 9337
List the prime factors of 13024296.
2, 3, 37, 4889
What are the prime factors of 1609231987?
11, 173, 647, 1307
List the prime factors of 2970801548.
2, 11, 13, 31, 239, 701
What are the prime factors of 1170440793?
3, 19, 107, 21323
List the prime factors of 127731877.
7, 13, 239, 839
What are the prime factors of 4123064192?
2, 13, 53, 46751
What are the prime factors of 112435842?
2, 3, 29, 646183
List the prime factors of 52038747.
3, 1927361
List the prime factors of 59352253.
17, 181, 19289
What are the prime factors of 350976353?
7, 13, 839, 4597
What are the prime factors of 279843505?
5, 55968701
List the prime factors of 40039224.
2, 3, 1668301
What are the prime factors of 6484625676?
2, 3, 71, 2537021
List the prime factors of 97795646.
2, 13, 107, 35153
List the prime factors of 41426447.
31, 1336337
List the prime factors of 2018036223.
3, 7, 127, 252223
What are the prime factors of 280405774?
2, 11, 12745717
What are the prime factors of 621192535?
5, 124238507
List the prime factors of 2625863015.
5, 525172603
What are the prime factors of 171009665?
5, 29, 101, 11677
What are the prime factors of 32460889?
23, 29, 41, 1187
What are the prime factors of 525475883?
571, 920273
What are the prime factors of 40072254?
2, 3, 19, 347, 1013
List the prime factors of 24799022.
2, 17, 71, 10273
What are the prime factors of 713611820?
2, 5, 35680591
What are the prime factors of 3975329557?
61, 5581, 11677
List the prime factors of 31319925.
3, 5, 7, 13, 353
What are the prime factors of 76132274?
2, 43, 53, 16703
What are the prime factors of 146283772?
2, 23, 29, 54829
What are the prime factors of 578850578?
2, 17, 1973, 8629
What are the prime factors of 3211105552?
2, 200694097
What are the prime factors of 4910904?
2, 3, 68207
What are the prime factors of 663100715?
5, 193, 687151
What are the prime factors of 1367688212?
2, 11, 389, 79907
What are the prime factors of 1854212373?
3, 13, 15847969
List the prime factors of 86126596.
2, 21531649
What are the prime factors of 3423136671?
3, 380348519
List the prime factors of 4861811102.
2, 59, 41201789
What are the prime factors of 46496275?
5, 7, 17, 15629
What are the prime factors of 3007679877?
3, 211, 527941
What are the prime factors of 496595?
5, 11, 9029
List the prime factors of 211213590.
2, 3, 5, 7, 739, 1361
List the prime factors of 2833179860.
2, 5, 7, 1489, 13591
What are the prime factors of 394311748?
2, 98577937
List the prime factors of 3822523306.
2, 7, 273037379
What are the prime factors of 338172651?
3, 67, 20771
What are the prime factors of 3127419843?
3, 1042473281
List the prime factors of 196724673.
3, 7286099
What are the prime factors of 292543431?
3, 139, 191, 3673
List the prime factors of 70722871.
89, 127, 6257
What are the prime factors of 1532583574?
2, 766291787
What are the prime factors of 62785714?
2, 61, 514637
List the prime factors of 400553185.
5, 6719, 11923
What are the prime factors of 601845579?
3, 1879, 11863
What are the prime factors of 24988216?
2, 11, 283957
What are the prime factors of 2838901704?
2, 3, 3733, 31687
What are the prime factors of 1572541243?
7, 13, 17280673
List the prime factors of 308846645.
5, 23, 31, 41, 2113
List the prime factors of 36586083.
3, 12195361
What are the prime factors of 574890812?
2, 143722703
What are the prime factors of 376125408?
2, 3, 17, 4519
List the prime factors of 2774920824.
2, 3, 13, 1697, 1747
List the prime factors of 911581984.
2, 281, 101377
List the prime factors of 123788852.
2, 11, 23, 122321
List the prime factors of 1130006059.
7, 13, 97, 313, 409
What are the prime factors of 1125501938?
2, 11, 401, 127579
What are the prime factors of 111978404?
2, 1471, 19031
What are the prime factors of 1350433883?
4229, 319327
List the prime factors of 4632630459.
3, 643, 2401571
List the prime factors of 52093423.
17, 31, 98849
What are the prime factors of 247795085?
5, 3623, 13679
List the prime factors of 1455254146.
2, 727627073
What are the prime factors of 2013643770?
2, 3, 5, 449, 149491
List the prime factors of 104797566.
2, 3, 757, 7691
List the prime factors of 36549675.
3, 5, 61, 2663
What are the prime factors of 1790244495?
3, 5, 13, 3060247
List the prime factors of 1512472573.
1512472573
What are the prime factors of 1057439472?
2, 3, 347, 63487
What are the prime factors of 60997712?
2, 3812357
List the prime factors of 324710540.
2, 5, 7, 11, 17, 79, 157
List the prime factors of 6987464983.
173, 599, 67429
List the prime factors of 132948095.
5, 7, 3798517
What are the prime factors of 207508239?
3, 17, 43, 31541
What are the prime factors of 1215595697?
29, 1445417
List the prime factors of 600365304.
2, 3, 7, 11, 36097
What are the prime factors of 37366670?
2, 5, 11, 37, 9181
What are the prime factors of 84955450?
2, 5, 1699109
List the prime factors of 16817720.
2, 5, 433, 971
List the prime factors of 78425611.
11, 7129601
List the prime factors of 4693859494.
2, 17, 2753, 50147
What are the prime factors of 42720821?
11, 13, 23, 31, 419
List the prime factors of 378222104.
2, 13, 1669, 2179
List the prime factors of 1985677567.
1985677567
List the prime factors of 2707322793.
3, 7, 59, 269, 8123
What are the prime factors of 58590706?
2, 23, 101, 12611
List the prime factors of 455481088.
2, 1779223
List the prime factors of 112076240.
2, 5, 17, 23, 3583
List the prime factors of 310795478.
2, 7, 22199677
List the prime factors of 1171523282.
2, 281, 2084561
List the prime factors of 185738330.
2, 5, 29, 640477
List the prime factors of 311347861.
11, 67, 422453
List the prime factors of 815727229.
26711, 30539
List the prime factors of 2963726738.
2, 7, 41, 103, 50129
List the prime fac